{"id":6730,"date":"2016-11-01T13:23:53","date_gmt":"2016-11-01T13:23:53","guid":{"rendered":"http:\/\/www.fondation-pierredubois.ch\/fr\/?post_type=team&#038;p=6730"},"modified":"2023-02-15T13:33:27","modified_gmt":"2023-02-15T13:33:27","slug":"6730","status":"publish","type":"team","link":"https:\/\/www.fondation-pierredubois.ch\/fr\/associate-researchers\/6730\/","title":{"rendered":"Axel Marion"},"content":{"rendered":"<p>Axel Marion holds a PhD from the Graduate Institute of International and Development Studies in Geneva. His research topics focus on European identity, European territory and more generally the history of the European construction. The geopolitics of Polar Regions are also among his interests. Axel was a postdoctoral fellow in Boston University and the Universit\u00e9 libre de Bruxelles after his PhD and he <span class=\"m_-4725100822420547035contentpasted0\">he holds currently the position of Secretary general of the University of Applied Sciences and Arts &#8211; Western Switzerland<\/span>.<\/p>\n<p>Axel is a Research Associate of the Foundation since its beginning in 2007. Among his activities, he was the co-author of the 2010\u2019 Conference book: <em>Europe Twenty Years after the End of the Cold War: The New Europe, New Europes? <\/em>(Arcidiacono B, Milzow K, Marion A, Bourneuf P-A, Bruxelles, P.I.E Peter Lang, 2012).<\/p>\n<p>&nbsp;<\/p>\n<p><u>Main publications:<\/u><\/p>\n<p>Marion A (2016), \u201cPolitical Union without Territory? Space Representation and Identity Deficit in the EU\u201d, in Greenfeld L (ed), <em>Globalisation of Nationalism: The Motive-Force behind 21st Century Politics<\/em>, Colchester, ECPR Press, pp.69-80;<\/p>\n<p>Marion A (2014), \u201cVotation helv\u00e9tique sur l\u2019immigration : causes et cons\u00e9quences d\u2019un scrutin symbolique\u201d, in <em>Current Affairs in Perspective Collection<\/em>, Pierre du Bois Foundation for Current History, Pully, Paper n\u00b03\u00a0;<\/p>\n<p>Marion A (2012), \u201cDe la fronti\u00e8re fixe aux limites ind\u00e9finies. Les espaces europ\u00e9ens en question apr\u00e8s la chute du bloc de l\u2019Est\u201d, in Arcidiacono B, Mizow K, Marion A, Bourneuf P-A, Europe <em>Twenty Years after the End of the Cold War: The New Europe, New Europes?<\/em> Bruxelles, P.I.E Peter Lang, pp. 313-325;<\/p>\n<p>Marion A (2010), \u201cSecurity of the EU Borders in the Post-Cold War Era\u201d in Hanhim\u00e4ki J, Soutou G-H, Germond B, <em>The Routledge Handbook of Transatlantic Security<\/em>, London and New York, Routledge, pp.194-205;<\/p>\n<p>Marion A (2009), \u201cUne citoyennet\u00e9 sans territoire? La difficile qu\u00eate d\u2019une g\u00e9ographie politique et identitaire europ\u00e9enne\u201d, in <em>Relations Internationales<\/em>, n\u00b0139\/2009, pp.65-72\u00a0;<\/p>\n<p>Marion A (2009), \u201cUn parlement europ\u00e9en en qu\u00eate de l\u00e9gitimit\u00e9 populaire\u201d, in <em>Current Affairs in Perspective Collection<\/em>, Pierre du Bois Foundation for Current History, Pully, Paper n\u00b04.<\/p>\n<p>&nbsp;<\/p>\n<p>&nbsp;<\/p>\n","protected":false},"author":55,"featured_media":10036,"menu_order":87,"template":"","team_designation":[],"team_department":[],"class_list":["post-6730","team","type-team","status-publish","has-post-thumbnail","hentry","xfolkentry"],"_links":{"self":[{"href":"https:\/\/www.fondation-pierredubois.ch\/fr\/wp-json\/wp\/v2\/team\/6730","targetHints":{"allow":["GET"]}}],"collection":[{"href":"https:\/\/www.fondation-pierredubois.ch\/fr\/wp-json\/wp\/v2\/team"}],"about":[{"href":"https:\/\/www.fondation-pierredubois.ch\/fr\/wp-json\/wp\/v2\/types\/team"}],"author":[{"embeddable":true,"href":"https:\/\/www.fondation-pierredubois.ch\/fr\/wp-json\/wp\/v2\/users\/55"}],"version-history":[{"count":2,"href":"https:\/\/www.fondation-pierredubois.ch\/fr\/wp-json\/wp\/v2\/team\/6730\/revisions"}],"predecessor-version":[{"id":16858,"href":"https:\/\/www.fondation-pierredubois.ch\/fr\/wp-json\/wp\/v2\/team\/6730\/revisions\/16858"}],"wp:featuredmedia":[{"embeddable":true,"href":"https:\/\/www.fondation-pierredubois.ch\/fr\/wp-json\/wp\/v2\/media\/10036"}],"wp:attachment":[{"href":"https:\/\/www.fondation-pierredubois.ch\/fr\/wp-json\/wp\/v2\/media?parent=6730"}],"wp:term":[{"taxonomy":"team_designation","embeddable":true,"href":"https:\/\/www.fondation-pierredubois.ch\/fr\/wp-json\/wp\/v2\/team_designation?post=6730"},{"taxonomy":"team_department","embeddable":true,"href":"https:\/\/www.fondation-pierredubois.ch\/fr\/wp-json\/wp\/v2\/team_department?post=6730"}],"curies":[{"name":"wp","href":"https:\/\/api.w.org\/{rel}","templated":true}]}}

<p>Axel Marion holds a PhD from the Graduate Institute of International and Development Studies in Geneva. His research topics focus on European identity, European territory and more generally the history of the European construction. The geopolitics of Polar Regions are also among his interests. Axel was a postdoctoral fellow in Boston University and the Université libre de Bruxelles after his PhD and he <span class="m_-4725100822420547035contentpasted0">he holds currently the position of Secretary general of the University of Applied Sciences and Arts &#8211; Western Switzerland</span>.</p>
<p>Axel is a Research Associate of the Foundation since its beginning in 2007. Among his activities, he was the co-author of the 2010’ Conference book: <em>Europe Twenty Years after the End of the Cold War: The New Europe, New Europes? </em>(Arcidiacono B, Milzow K, Marion A, Bourneuf P-A, Bruxelles, P.I.E Peter Lang, 2012).</p>
<p>&nbsp;</p>
<p><u>Main publications:</u></p>
<p>Marion A (2016), “Political Union without Territory? Space Representation and Identity Deficit in the EU”, in Greenfeld L (ed), <em>Globalisation of Nationalism: The Motive-Force behind 21st Century Politics</em>, Colchester, ECPR Press, pp.69-80;</p>
<p>Marion A (2014), “Votation helvétique sur l’immigration : causes et conséquences d’un scrutin symbolique”, in <em>Current Affairs in Perspective Collection</em>, Pierre du Bois Foundation for Current History, Pully, Paper n°3 ;</p>
<p>Marion A (2012), “De la frontière fixe aux limites indéfinies. Les espaces européens en question après la chute du bloc de l’Est”, in Arcidiacono B, Mizow K, Marion A, Bourneuf P-A, Europe <em>Twenty Years after the End of the Cold War: The New Europe, New Europes?</em> Bruxelles, P.I.E Peter Lang, pp. 313-325;</p>
<p>Marion A (2010), “Security of the EU Borders in the Post-Cold War Era” in Hanhimäki J, Soutou G-H, Germond B, <em>The Routledge Handbook of Transatlantic Security</em>, London and New York, Routledge, pp.194-205;</p>
<p>Marion A (2009), “Une citoyenneté sans territoire? La difficile quête d’une géographie politique et identitaire européenne”, in <em>Relations Internationales</em>, n°139/2009, pp.65-72 ;</p>
<p>Marion A (2009), “Un parlement européen en quête de légitimité populaire”, in <em>Current Affairs in Perspective Collection</em>, Pierre du Bois Foundation for Current History, Pully, Paper n°4.</p>
<p>&nbsp;</p>
<p>&nbsp;</p>
