{"id":6573,"date":"2016-09-30T15:39:04","date_gmt":"2016-09-30T15:39:04","guid":{"rendered":"http:\/\/www.fondation-pierredubois.ch\/fr\/associate-researchers\/joris-larik\/"},"modified":"2021-03-17T16:38:18","modified_gmt":"2021-03-17T16:38:18","slug":"joris-larik","status":"publish","type":"team","link":"https:\/\/www.fondation-pierredubois.ch\/fr\/associate-researchers\/joris-larik\/","title":{"rendered":"Joris Larik"},"content":{"rendered":"<p>Joris is Assistant Professor of Comparative, EU and International Law at Leiden University and Senior Advisor at the Stimson Center. He studied law and international relations in Dresden (BA), Leiden (LLM), and the College of Europe in Bruges (MA). Joris received his PhD from the European University Institute, where he was awarded the 2014 \u201cMauro Cappelletti Prize for the Best Thesis in Comparative Law\u201d. He is the author of <em>Foreign Policy Objectives in European Constitutional Law<\/em> (OUP, 2016).<\/p>\n<p>His research interests centre on the law of external relations of the European Union, international law (especially WTO law and international criminal law), as well as security and defence policy.<\/p>\n<p>More information on him can be found <a href=\"http:\/\/eui.academia.edu\/JorisLarik\">here<\/a>.<\/p>\n<p>&nbsp;<\/p>\n<h4 class=\"rouge-petit\">Selected Publications<\/h4>\n<p>Joris Larik, \u201cMuch More Than Trade: The Common Commercial Policy in a Global Context\u201d, in Panos Koutrakos and Malcolm Evans (eds), Beyond the Established Orders: Policy Interconnections Between the EU and the Rest of the World, Hart Publishing, Oxford, forthcoming spring 2011.<\/p>\n<p>&nbsp;<\/p>\n<p>Joris Larik and Quentin Weiler, \u201cGoing Naval in Troubled Waters: the European Union, China and the Fight against Piracy off the Coast of Somalia\u201d, in Jing Men and Benjamin Barton (eds), The EU and China: Partners or Competitors in Africa?, Ashgate, Farnham, forthcoming spring 2011.<\/p>\n<p>&nbsp;<\/p>\n<p>Joris Larik, \u201cCorporate International Criminal Responsibility: Oxymoron or an Effective Tool for 21st Century Governance?\u201d, in Jana Hertwig, Sylvia Maus, Almut Meyer zu Schwabedissen and Matthias Schuler (eds), Global Risks &#8211; Constructing World Order through Law, Politics and Economics, Peter Lang, Frankfurt am Main, 2010, pp. 119-142.<\/p>\n<p>&nbsp;<\/p>\n<p>Joris Larik, \u201cKennedy\u2019s \u2018two pillars\u2019 revisited: Does the ESDP make the EU and the US two equal partners in NATO?\u201d, European Foreign Affairs Review, Vol. 14, No. 2, June 2009, pp. 289-304.<\/p>\n<p>&nbsp;<\/p>\n<p>Bernhard Blumenau, Felix Groba, Joris Larik and Dana Rosen, \u201cDeutschland und die europ\u00e4ische R\u00fcstungskooperation: Perspektiven f\u00fcr einen hochsensiblen Politikbereich\u201d, in Arne Niemann and Alexander Brand (eds), Interessen und Handlungsspielr\u00e4ume in der deutschen und europ\u00e4ischen Au\u00dfenpolitik, Dresden University Press, Dresden, 2007, pp. 215-239.<\/p>\n<p>&nbsp;<\/p>\n<p>He has also contributed papers to the series <a href=\"http:\/\/www.fondation-pierredubois.ch\/en\/Table\/Papiers-d-actualite\/\">Papiers d&#8217;actualit\u00e9\/ Current Affairs in Perspective <\/a>of the Foundation:<\/p>\n<p>&#8211; <a href=\"http:\/\/www.fondation-pierredubois.ch\/en\/Papiers-d-actualite\/international-criminal-law-international-security-and-the-global-ordre-public.html\">International Criminal Law, International Security and the Global Ordre Public<\/a><\/p>\n<p>&#8211; <a href=\"http:\/\/www.fondation-pierredubois.ch\/en\/Papiers-d-actualite\/lisboneu.html\">Le Trait\u00e9 de Lisbonne &#8211; une constitution \u00e0 vocation mondiale<\/a><\/p>\n<p>&nbsp;<\/p>\n<p>&nbsp;<\/p>\n","protected":false},"author":55,"featured_media":14811,"menu_order":82,"template":"","team_designation":[],"team_department":[],"class_list":["post-6573","team","type-team","status-publish","has-post-thumbnail","hentry","xfolkentry"],"_links":{"self":[{"href":"https:\/\/www.fondation-pierredubois.ch\/fr\/wp-json\/wp\/v2\/team\/6573","targetHints":{"allow":["GET"]}}],"collection":[{"href":"https:\/\/www.fondation-pierredubois.ch\/fr\/wp-json\/wp\/v2\/team"}],"about":[{"href":"https:\/\/www.fondation-pierredubois.ch\/fr\/wp-json\/wp\/v2\/types\/team"}],"author":[{"embeddable":true,"href":"https:\/\/www.fondation-pierredubois.ch\/fr\/wp-json\/wp\/v2\/users\/55"}],"version-history":[{"count":1,"href":"https:\/\/www.fondation-pierredubois.ch\/fr\/wp-json\/wp\/v2\/team\/6573\/revisions"}],"predecessor-version":[{"id":12346,"href":"https:\/\/www.fondation-pierredubois.ch\/fr\/wp-json\/wp\/v2\/team\/6573\/revisions\/12346"}],"wp:featuredmedia":[{"embeddable":true,"href":"https:\/\/www.fondation-pierredubois.ch\/fr\/wp-json\/wp\/v2\/media\/14811"}],"wp:attachment":[{"href":"https:\/\/www.fondation-pierredubois.ch\/fr\/wp-json\/wp\/v2\/media?parent=6573"}],"wp:term":[{"taxonomy":"team_designation","embeddable":true,"href":"https:\/\/www.fondation-pierredubois.ch\/fr\/wp-json\/wp\/v2\/team_designation?post=6573"},{"taxonomy":"team_department","embeddable":true,"href":"https:\/\/www.fondation-pierredubois.ch\/fr\/wp-json\/wp\/v2\/team_department?post=6573"}],"curies":[{"name":"wp","href":"https:\/\/api.w.org\/{rel}","templated":true}]}}

<p>Joris is Assistant Professor of Comparative, EU and International Law at Leiden University and Senior Advisor at the Stimson Center. He studied law and international relations in Dresden (BA), Leiden (LLM), and the College of Europe in Bruges (MA). Joris received his PhD from the European University Institute, where he was awarded the 2014 “Mauro Cappelletti Prize for the Best Thesis in Comparative Law”. He is the author of <em>Foreign Policy Objectives in European Constitutional Law</em> (OUP, 2016).</p>
<p>His research interests centre on the law of external relations of the European Union, international law (especially WTO law and international criminal law), as well as security and defence policy.</p>
<p>More information on him can be found <a href="http://eui.academia.edu/JorisLarik">here</a>.</p>
<p>&nbsp;</p>
<h4 class="rouge-petit">Selected Publications</h4>
<p>Joris Larik, “Much More Than Trade: The Common Commercial Policy in a Global Context”, in Panos Koutrakos and Malcolm Evans (eds), Beyond the Established Orders: Policy Interconnections Between the EU and the Rest of the World, Hart Publishing, Oxford, forthcoming spring 2011.</p>
<p>&nbsp;</p>
<p>Joris Larik and Quentin Weiler, “Going Naval in Troubled Waters: the European Union, China and the Fight against Piracy off the Coast of Somalia”, in Jing Men and Benjamin Barton (eds), The EU and China: Partners or Competitors in Africa?, Ashgate, Farnham, forthcoming spring 2011.</p>
<p>&nbsp;</p>
<p>Joris Larik, “Corporate International Criminal Responsibility: Oxymoron or an Effective Tool for 21st Century Governance?”, in Jana Hertwig, Sylvia Maus, Almut Meyer zu Schwabedissen and Matthias Schuler (eds), Global Risks &#8211; Constructing World Order through Law, Politics and Economics, Peter Lang, Frankfurt am Main, 2010, pp. 119-142.</p>
<p>&nbsp;</p>
<p>Joris Larik, “Kennedy’s ‘two pillars’ revisited: Does the ESDP make the EU and the US two equal partners in NATO?”, European Foreign Affairs Review, Vol. 14, No. 2, June 2009, pp. 289-304.</p>
<p>&nbsp;</p>
<p>Bernhard Blumenau, Felix Groba, Joris Larik and Dana Rosen, “Deutschland und die europäische Rüstungskooperation: Perspektiven für einen hochsensiblen Politikbereich”, in Arne Niemann and Alexander Brand (eds), Interessen und Handlungsspielräume in der deutschen und europäischen Außenpolitik, Dresden University Press, Dresden, 2007, pp. 215-239.</p>
<p>&nbsp;</p>
<p>He has also contributed papers to the series <a href="http://www.fondation-pierredubois.ch/en/Table/Papiers-d-actualite/">Papiers d&#8217;actualité/ Current Affairs in Perspective </a>of the Foundation:</p>
<p>&#8211; <a href="http://www.fondation-pierredubois.ch/en/Papiers-d-actualite/international-criminal-law-international-security-and-the-global-ordre-public.html">International Criminal Law, International Security and the Global Ordre Public</a></p>
<p>&#8211; <a href="http://www.fondation-pierredubois.ch/en/Papiers-d-actualite/lisboneu.html">Le Traité de Lisbonne &#8211; une constitution à vocation mondiale</a></p>
<p>&nbsp;</p>
<p>&nbsp;</p>
