{"id":6553,"date":"2016-09-25T07:33:11","date_gmt":"2016-09-25T07:33:11","guid":{"rendered":"http:\/\/www.fondation-pierredubois.ch\/fr\/associate-researchers\/pierre-etienne-bourneuf\/"},"modified":"2021-03-14T13:26:27","modified_gmt":"2021-03-14T13:26:27","slug":"pierre-etienne-bourneuf","status":"publish","type":"team","link":"https:\/\/www.fondation-pierredubois.ch\/fr\/associate-researchers\/pierre-etienne-bourneuf\/","title":{"rendered":"Pierre-Etienne Bourneuf"},"content":{"rendered":"<p>Pierre-\u00c9tienne a obtenu son doctorat aupr\u00e8s de l\u2019IHEID. Sa th\u00e8se a \u00e9t\u00e9 publi\u00e9e sous le titre Bombarder l\u2019Allemagne. L\u2019Offensive alli\u00e9e sur les villes pendant la Deuxi\u00e8me Guerre mondiale (PUF, 2014). Il a aussi co-dirig\u00e9 l\u2019ouvrage collectif Europe Twenty Years after the End of the Cold War\/L\u2019Europe vingt ans apr\u00e8s la fin de la guerre froide (Peter Lang, 2012) issu du colloque organis\u00e9 par l\u2019IHEID et la Fondation Pierre du Bois en 2010. Auteur de plusieurs articles et contributions, il a travaill\u00e9 en tant que conseiller scientifique au projet \u00ab\u00a0100 ans de multilat\u00e9ralisme \u00e0 Gen\u00e8ve\u00a0\u00bb men\u00e9 par la Biblioth\u00e8que et Archives des Nations Unies \u00e0 Gen\u00e8ve.<\/p>\n<p>&nbsp;<\/p>\n<p>&nbsp;<\/p>\n","protected":false},"author":49,"featured_media":10040,"menu_order":31,"template":"","team_designation":[],"team_department":[],"class_list":["post-6553","team","type-team","status-publish","has-post-thumbnail","hentry","xfolkentry"],"_links":{"self":[{"href":"https:\/\/www.fondation-pierredubois.ch\/fr\/wp-json\/wp\/v2\/team\/6553","targetHints":{"allow":["GET"]}}],"collection":[{"href":"https:\/\/www.fondation-pierredubois.ch\/fr\/wp-json\/wp\/v2\/team"}],"about":[{"href":"https:\/\/www.fondation-pierredubois.ch\/fr\/wp-json\/wp\/v2\/types\/team"}],"author":[{"embeddable":true,"href":"https:\/\/www.fondation-pierredubois.ch\/fr\/wp-json\/wp\/v2\/users\/49"}],"version-history":[{"count":0,"href":"https:\/\/www.fondation-pierredubois.ch\/fr\/wp-json\/wp\/v2\/team\/6553\/revisions"}],"wp:featuredmedia":[{"embeddable":true,"href":"https:\/\/www.fondation-pierredubois.ch\/fr\/wp-json\/wp\/v2\/media\/10040"}],"wp:attachment":[{"href":"https:\/\/www.fondation-pierredubois.ch\/fr\/wp-json\/wp\/v2\/media?parent=6553"}],"wp:term":[{"taxonomy":"team_designation","embeddable":true,"href":"https:\/\/www.fondation-pierredubois.ch\/fr\/wp-json\/wp\/v2\/team_designation?post=6553"},{"taxonomy":"team_department","embeddable":true,"href":"https:\/\/www.fondation-pierredubois.ch\/fr\/wp-json\/wp\/v2\/team_department?post=6553"}],"curies":[{"name":"wp","href":"https:\/\/api.w.org\/{rel}","templated":true}]}}

<p>Pierre-Étienne a obtenu son doctorat auprès de l’IHEID. Sa thèse a été publiée sous le titre Bombarder l’Allemagne. L’Offensive alliée sur les villes pendant la Deuxième Guerre mondiale (PUF, 2014). Il a aussi co-dirigé l’ouvrage collectif Europe Twenty Years after the End of the Cold War/L’Europe vingt ans après la fin de la guerre froide (Peter Lang, 2012) issu du colloque organisé par l’IHEID et la Fondation Pierre du Bois en 2010. Auteur de plusieurs articles et contributions, il a travaillé en tant que conseiller scientifique au projet « 100 ans de multilatéralisme à Genève » mené par la Bibliothèque et Archives des Nations Unies à Genève.</p>
<p>&nbsp;</p>
<p>&nbsp;</p>
