{"id":6551,"date":"2016-09-25T06:11:38","date_gmt":"2016-09-25T06:11:38","guid":{"rendered":"http:\/\/www.fondation-pierredubois.ch\/fr\/associate-researchers\/anne-sophie-bentz\/"},"modified":"2021-05-25T06:18:58","modified_gmt":"2021-05-25T06:18:58","slug":"anne-sophie-bentz","status":"publish","type":"team","link":"https:\/\/www.fondation-pierredubois.ch\/fr\/associate-researchers\/anne-sophie-bentz\/","title":{"rendered":"Anne-Sophie Bentz"},"content":{"rendered":"<p>Anne-Sophie est Ma\u00eetre de conf\u00e9rences en Histoire de l\u2019Asie du Sud \u00e0 l\u2019Universit\u00e9 de Paris.\u00a0Elle est docteur en histoire<br \/>\net politique internationales de l\u2019Institut de hautes \u00e9tudes internationales et du d\u00e9veloppement \u00e0 Gen\u00e8ve (IHEID) et a obtenu<br \/>\nen 2010 le Prix Pierre du Bois pour sa th\u00e8se intitul\u00e9e Le nationalisme et l\u2019exil: le cas des r\u00e9fugi\u00e9s tib\u00e9tains en Inde (PUF,<br \/>\n2010). Ses travaux de recherche et ses nombreuses publications portent sur les th\u00e9ories de la nation et du nationalisme, les<br \/>\nmigrations internationales, les r\u00e9fugi\u00e9s et les diasporas, et les relations internationales en Asie.<\/p>\n<p>&nbsp;<\/p>\n<p>&nbsp;<\/p>\n<p>&nbsp;<\/p>\n","protected":false},"author":49,"featured_media":10031,"menu_order":18,"template":"","team_designation":[],"team_department":[],"class_list":["post-6551","team","type-team","status-publish","has-post-thumbnail","hentry","xfolkentry"],"_links":{"self":[{"href":"https:\/\/www.fondation-pierredubois.ch\/fr\/wp-json\/wp\/v2\/team\/6551","targetHints":{"allow":["GET"]}}],"collection":[{"href":"https:\/\/www.fondation-pierredubois.ch\/fr\/wp-json\/wp\/v2\/team"}],"about":[{"href":"https:\/\/www.fondation-pierredubois.ch\/fr\/wp-json\/wp\/v2\/types\/team"}],"author":[{"embeddable":true,"href":"https:\/\/www.fondation-pierredubois.ch\/fr\/wp-json\/wp\/v2\/users\/49"}],"version-history":[{"count":0,"href":"https:\/\/www.fondation-pierredubois.ch\/fr\/wp-json\/wp\/v2\/team\/6551\/revisions"}],"wp:featuredmedia":[{"embeddable":true,"href":"https:\/\/www.fondation-pierredubois.ch\/fr\/wp-json\/wp\/v2\/media\/10031"}],"wp:attachment":[{"href":"https:\/\/www.fondation-pierredubois.ch\/fr\/wp-json\/wp\/v2\/media?parent=6551"}],"wp:term":[{"taxonomy":"team_designation","embeddable":true,"href":"https:\/\/www.fondation-pierredubois.ch\/fr\/wp-json\/wp\/v2\/team_designation?post=6551"},{"taxonomy":"team_department","embeddable":true,"href":"https:\/\/www.fondation-pierredubois.ch\/fr\/wp-json\/wp\/v2\/team_department?post=6551"}],"curies":[{"name":"wp","href":"https:\/\/api.w.org\/{rel}","templated":true}]}}

<p>Anne-Sophie est Maître de conférences en Histoire de l’Asie du Sud à l’Université de Paris. Elle est docteur en histoire<br />
et politique internationales de l’Institut de hautes études internationales et du développement à Genève (IHEID) et a obtenu<br />
en 2010 le Prix Pierre du Bois pour sa thèse intitulée Le nationalisme et l’exil: le cas des réfugiés tibétains en Inde (PUF,<br />
2010). Ses travaux de recherche et ses nombreuses publications portent sur les théories de la nation et du nationalisme, les<br />
migrations internationales, les réfugiés et les diasporas, et les relations internationales en Asie.</p>
<p>&nbsp;</p>
<p>&nbsp;</p>
<p>&nbsp;</p>
