{"id":12335,"date":"2019-03-25T16:42:02","date_gmt":"2019-03-25T16:42:02","guid":{"rendered":"http:\/\/www.fondation-pierredubois.ch\/associate-researchers\/aline-schlaepfer\/"},"modified":"2023-02-21T18:07:47","modified_gmt":"2023-02-21T18:07:47","slug":"aline-schlaepfer","status":"publish","type":"team","link":"https:\/\/www.fondation-pierredubois.ch\/fr\/associate-researchers\/aline-schlaepfer\/","title":{"rendered":"Aline Schlaepfer"},"content":{"rendered":"<p>Aline is assistant professor at the Department of Near and Middle Eastern Studies, University of Basel, with the Swiss National Science Foundation\u2019s Eccellenza Professorial Fellowship. She was a postdoctoral fellow at the American University of Beirut and Princeton University, as well as a research associate and senior resident at the University of Geneva. She is interested in the modern history of Iraq, minorities, and the issue of the Ottoman legacy in the post-Ottoman Middle East. She is the author of <em>Les intellectuels juifs de Bagdad. Discours et all\u00e9geances (1908-1951) <\/em>(Brill 2016), and articles dealing with the history of Jews in Arab countries, the implementation of the concept of minority in the Middle East and the study of the Ottoman legacy in post-Ottoman Arab spaces.<\/p>\n<p>&nbsp;<\/p>\n<p><strong>Selected Publications<\/strong><\/p>\n<p><strong>Books and edition of special issues<\/strong><\/p>\n<p><em>Fant\u00f4mes d\u2019Empire. Persistances et revendications d\u2019ottomanit\u00e9(s) dans les espaces post-ottomans.<\/em> <em>Revue des mondes musulmans et de la M\u00e9diterran\u00e9e, <\/em>special issue co-edited with Philippe Bourmaud and Iyas Hassan, 2020.<\/p>\n<p><em>Les intellectuels juifs de Bagdad. Discours et all\u00e9geances (1908-1951). <\/em>Leiden\u00a0: Brill, 2016.<\/p>\n<p><em>Voile, corps et pudeur. Approches historiques et anthropologiques. <\/em>Co-edited with Yasmina Foehr-Janssens and Silvia Naef, Geneva: Labor et Fides, 2015.<\/p>\n<p><strong>\u00a0<\/strong><\/p>\n<p><strong>Articles and book chapters<\/strong><\/p>\n<p>\u201cLe conseil communal isra\u00e9lite libanais. Relations interconfessionnelles et performativit\u00e9 du territoire \u00e0 Sidon apr\u00e8s la cr\u00e9ation du Grand Liban\u201d, <em>Cahiers de la M\u00e9diterran\u00e9e<\/em> 105, 2022, 131\u2013144.<\/p>\n<p>&nbsp;<\/p>\n<p>\u201cBetween Ruler and Rogue. Sayyid Talib al-Naqib and the British in Early 20th Century Basra,\u201d in <em>Age of Rogues Rebels, Revolutionaries, and Racketeers in Turn of the Century Eurasia Minor<\/em>, eds. Ramazan \u00d6ztan and Alp Yenen, Edinburgh: Edinburgh University Press, 2021, 235\u2013257.<\/p>\n<p>\u201cSidon Against Beirut. Space, Control and the Limits of Sectarianism within the Jewish Community in Modern Lebanon,\u201d <em>International Journal of Middle East Studies<\/em> 53, 2021, 424-448.<\/p>\n<p>\u00ab\u00a0La lettre de suicide du Premier Ministre &#8216;Abd al-Muhsin al-Sa&#8217;dun. Vie et mort d&#8217;un nationaliste irakien de langue turque,\u00a0\u00bb<em> Revue des mondes musulmans et de la M\u00e9diterran\u00e9e<\/em> 148 (special issue <em>Fant\u00f4mes d\u2019Empire)<\/em>, 2020, pp. 87-110.<\/p>\n<p>\u00ab\u00a0Entre \u00ab\u00a0communaut\u00e9 \u00bb et \u00ab\u00a0minorit\u00e9 \u00bb\u00a0juive. Les d\u00e9fis de la transition en Irak au moment de l\u2019ind\u00e9pendance,\u00a0\u00bb in <em>Minorit\u00e9s en M\u00e9diterran\u00e9e au XIXe si\u00e8cle<\/em>, ed. V. Assan, B. Heyberger and J. Vogel, Rennes\u00a0: Presses universitaires de Rennes, 2019, 217-234.<\/p>\n<p>\u201cDefining Minorities: Mission Impossible? The Case of Hashemite Iraq<em>,\u201d<\/em> Roundtable Minoritization and Pluralism in the Modern Middle East, <em>International Journal of Middle East Studies <\/em>50\/4, 2018, 769-772.<\/p>\n<p>\u201cWhen Antifascism Meets Anti-Colonialism. Modern Jewish Intellectuals in Baghdad,\u201d in <em>Minorities of the Modern Middle East. <\/em><em>New Perspectives.<\/em> ed. Laura Robson, NY: Syracuse University Press, 2016, 93-105<\/p>\n","protected":false},"author":55,"featured_media":13154,"menu_order":99,"template":"","team_designation":[],"team_department":[],"class_list":["post-12335","team","type-team","status-publish","has-post-thumbnail","hentry","xfolkentry"],"_links":{"self":[{"href":"https:\/\/www.fondation-pierredubois.ch\/fr\/wp-json\/wp\/v2\/team\/12335","targetHints":{"allow":["GET"]}}],"collection":[{"href":"https:\/\/www.fondation-pierredubois.ch\/fr\/wp-json\/wp\/v2\/team"}],"about":[{"href":"https:\/\/www.fondation-pierredubois.ch\/fr\/wp-json\/wp\/v2\/types\/team"}],"author":[{"embeddable":true,"href":"https:\/\/www.fondation-pierredubois.ch\/fr\/wp-json\/wp\/v2\/users\/55"}],"version-history":[{"count":2,"href":"https:\/\/www.fondation-pierredubois.ch\/fr\/wp-json\/wp\/v2\/team\/12335\/revisions"}],"predecessor-version":[{"id":16881,"href":"https:\/\/www.fondation-pierredubois.ch\/fr\/wp-json\/wp\/v2\/team\/12335\/revisions\/16881"}],"wp:featuredmedia":[{"embeddable":true,"href":"https:\/\/www.fondation-pierredubois.ch\/fr\/wp-json\/wp\/v2\/media\/13154"}],"wp:attachment":[{"href":"https:\/\/www.fondation-pierredubois.ch\/fr\/wp-json\/wp\/v2\/media?parent=12335"}],"wp:term":[{"taxonomy":"team_designation","embeddable":true,"href":"https:\/\/www.fondation-pierredubois.ch\/fr\/wp-json\/wp\/v2\/team_designation?post=12335"},{"taxonomy":"team_department","embeddable":true,"href":"https:\/\/www.fondation-pierredubois.ch\/fr\/wp-json\/wp\/v2\/team_department?post=12335"}],"curies":[{"name":"wp","href":"https:\/\/api.w.org\/{rel}","templated":true}]}}

<p>Aline is assistant professor at the Department of Near and Middle Eastern Studies, University of Basel, with the Swiss National Science Foundation’s Eccellenza Professorial Fellowship. She was a postdoctoral fellow at the American University of Beirut and Princeton University, as well as a research associate and senior resident at the University of Geneva. She is interested in the modern history of Iraq, minorities, and the issue of the Ottoman legacy in the post-Ottoman Middle East. She is the author of <em>Les intellectuels juifs de Bagdad. Discours et allégeances (1908-1951) </em>(Brill 2016), and articles dealing with the history of Jews in Arab countries, the implementation of the concept of minority in the Middle East and the study of the Ottoman legacy in post-Ottoman Arab spaces.</p>
<p>&nbsp;</p>
<p><strong>Selected Publications</strong></p>
<p><strong>Books and edition of special issues</strong></p>
<p><em>Fantômes d’Empire. Persistances et revendications d’ottomanité(s) dans les espaces post-ottomans.</em> <em>Revue des mondes musulmans et de la Méditerranée, </em>special issue co-edited with Philippe Bourmaud and Iyas Hassan, 2020.</p>
<p><em>Les intellectuels juifs de Bagdad. Discours et allégeances (1908-1951). </em>Leiden : Brill, 2016.</p>
<p><em>Voile, corps et pudeur. Approches historiques et anthropologiques. </em>Co-edited with Yasmina Foehr-Janssens and Silvia Naef, Geneva: Labor et Fides, 2015.</p>
<p><strong> </strong></p>
<p><strong>Articles and book chapters</strong></p>
<p>“Le conseil communal israélite libanais. Relations interconfessionnelles et performativité du territoire à Sidon après la création du Grand Liban”, <em>Cahiers de la Méditerranée</em> 105, 2022, 131–144.</p>
<p>&nbsp;</p>
<p>“Between Ruler and Rogue. Sayyid Talib al-Naqib and the British in Early 20th Century Basra,” in <em>Age of Rogues Rebels, Revolutionaries, and Racketeers in Turn of the Century Eurasia Minor</em>, eds. Ramazan Öztan and Alp Yenen, Edinburgh: Edinburgh University Press, 2021, 235–257.</p>
<p>“Sidon Against Beirut. Space, Control and the Limits of Sectarianism within the Jewish Community in Modern Lebanon,” <em>International Journal of Middle East Studies</em> 53, 2021, 424-448.</p>
<p>« La lettre de suicide du Premier Ministre &#8216;Abd al-Muhsin al-Sa&#8217;dun. Vie et mort d&#8217;un nationaliste irakien de langue turque, »<em> Revue des mondes musulmans et de la Méditerranée</em> 148 (special issue <em>Fantômes d’Empire)</em>, 2020, pp. 87-110.</p>
<p>« Entre « communauté » et « minorité » juive. Les défis de la transition en Irak au moment de l’indépendance, » in <em>Minorités en Méditerranée au XIXe siècle</em>, ed. V. Assan, B. Heyberger and J. Vogel, Rennes : Presses universitaires de Rennes, 2019, 217-234.</p>
<p>“Defining Minorities: Mission Impossible? The Case of Hashemite Iraq<em>,”</em> Roundtable Minoritization and Pluralism in the Modern Middle East, <em>International Journal of Middle East Studies </em>50/4, 2018, 769-772.</p>
<p>“When Antifascism Meets Anti-Colonialism. Modern Jewish Intellectuals in Baghdad,” in <em>Minorities of the Modern Middle East. </em><em>New Perspectives.</em> ed. Laura Robson, NY: Syracuse University Press, 2016, 93-105</p>
