{"id":9658,"date":"2017-05-28T16:03:25","date_gmt":"2017-05-28T16:03:25","guid":{"rendered":"http:\/\/www.fondation-pierredubois.ch\/past-grants\/"},"modified":"2020-11-12T13:37:12","modified_gmt":"2020-11-12T13:37:12","slug":"past-grants","status":"publish","type":"page","link":"https:\/\/www.fondation-pierredubois.ch\/fr\/past-grants\/","title":{"rendered":"Subsides des ann\u00e9es pr\u00e9c\u00e9dentes"},"content":{"rendered":"<p>Each year, the Pierre du Bois Foundation supports high-quality scholarship by providing grants of different types to individuals and institutions.<\/p>\n<p>Have a look at some of the events and people we supported in the past.<\/p>\n<hr \/>\n<h2 dir=\"ltr\"><\/h2>\n<h2>Grants in 2020<\/h2>\n<h3>27-28 February 2020<\/h3>\n<p><a href=\"http:\/\/www.fondation-pierredubois.ch\/fr\/grants-in-2020\/\">Sovereignty, Nationalism and Homogeneity in Europe between the Two World Wars<\/a><\/p>\n<h2>Grants in 2017<\/h2>\n<h3>14-16 September<\/h3>\n<p><a href=\"http:\/\/www.fondation-pierredubois.ch\/fr\/subsides-en-2017\/\">Shaping Education in the (Post)Colonial World Actors, Paradigms, Entanglements 1880s-1980s<\/a><\/p>\n<h2>Grants in 2016<\/h2>\n<h3>3 June<\/h3>\n<p><a href=\"http:\/\/www.fondation-pierredubois.ch\/grants-in-2016\/\">Aid to Armenia: Armenia and Armenians in International History<\/a><\/p>\n<h3>9-11 June<\/h3>\n<p><a href=\"http:\/\/www.fondation-pierredubois.ch\/grants-in-2016\/\">Fourth Swiss History Days &#8220;Power (s)&#8221;<\/a><\/p>\n<h3>3 November<\/h3>\n<p><a href=\"http:\/\/www.fondation-pierredubois.ch\/grants-in-2016\/\">International Organizations and Terrorism: Global and Regional Responses<\/a><\/p>\n<h2>Grants in 2015<\/h2>\n<h3>27 April<\/h3>\n<p><a href=\"http:\/\/www.fondation-pierredubois.ch\/grants-in-2015\/\">China&#8217;s Seapower in Perspective: The Historical and Cultural Dimension<\/a><\/p>\n<h3>7-8 May<\/h3>\n<p><a href=\"http:\/\/www.fondation-pierredubois.ch\/grants-in-2015\/\">States and Terrorism, An Ambivalent Relationship<\/a><\/p>\n<h2>Grants in 2014<\/h2>\n<h3>13-15 March<\/h3>\n<p><a href=\"http:\/\/www.fondation-pierredubois.ch\/grants-in-2014\/\">The Role of the Neutrals and Non-Aligned in the Global Cold War, 1949-1989<\/a><\/p>\n<h2>Grants in 2013<\/h2>\n<h3>8-9 November<\/h3>\n<p><a href=\"http:\/\/www.fondation-pierredubois.ch\/grants\/grants-in-2013\/\">The Fragments Imagine the Nation? Minorities in the colonial and postcolonial Middle East<\/a><\/p>\n<h2>Grants in 2012<\/h2>\n<h3>2-3 February<\/h3>\n<p><a href=\"http:\/\/www.fondation-pierredubois.ch\/grants\/grants-in-2012\/\">The countries of Eastern Europe and the Mediterranean. Relations and crossed glances, 1967-1989<\/a><\/p>\n<h2>Grants in 2011<\/h2>\n<h3>25-26 August<\/h3>\n<p><a href=\"http:\/\/www.fondation-pierredubois.ch\/grants\/grants-in-2011\/\">Towards a New History of the League of Nations<\/a><\/p>\n<h3>26-29 October<\/h3>\n<p><a href=\"http:\/\/www.fondation-pierredubois.ch\/grants\/grants-in-2011\/\">Les dimensions transnationales de l\u2019anticommunisme de guerre froide: actions, r\u00e9seaux, transferts<\/a><\/p>\n<h2>Grants in 2010<\/h2>\n<h3>18-19 March<\/h3>\n<p><a href=\"http:\/\/www.fondation-pierredubois.ch\/grants-in-2010\/\">Les Am\u00e9riques latines: H\u00e9ritages et mirages des ind\u00e9pendances (1810-2010)<\/a><\/p>\n<h3>25 June<\/h3>\n<p><a href=\"http:\/\/www.fondation-pierredubois.ch\/grants-in-2010\/\">La construction d\u2019un espace euro-m\u00e9diterran\u00e9en. Gen\u00e8ses, mythes et perspectives<\/a><\/p>\n<h3>16-17 September<\/h3>\n<p><a href=\"http:\/\/www.fondation-pierredubois.ch\/grants-in-2010\/\">Le parlement europ\u00e9en et les transformations de l&#8217;Europe communautaire<\/a><\/p>\n<h2>Grants in 2009<\/h2>\n<h3>4 December<\/h3>\n<p><a href=\"http:\/\/www.fondation-pierredubois.ch\/grants\/grants-in-2009\/\">Latin American Day 2009<\/a><\/p>\n","protected":false},"excerpt":{"rendered":"<p class=\"excerpt\">Each year, the Pierre du Bois Foundation supports high-quality scholarship by providing grants of different types to individuals and institutions. Have a look at some of the events and people we supported in the past. Grants in 2020 27-28 February 2020 Sovereignty, Nationalism and Homogeneity in Europe between the Two World Wars Grants in 2017 14-16 September Shaping Education in&hellip; <a href=\"https:\/\/www.fondation-pierredubois.ch\/fr\/past-grants\/\">Read more &rarr;<\/a><\/p>\n","protected":false},"author":55,"featured_media":0,"parent":0,"menu_order":0,"comment_status":"closed","ping_status":"closed","template":"","meta":{"footnotes":""},"class_list":["post-9658","page","type-page","status-publish","hentry","xfolkentry"],"_links":{"self":[{"href":"https:\/\/www.fondation-pierredubois.ch\/fr\/wp-json\/wp\/v2\/pages\/9658","targetHints":{"allow":["GET"]}}],"collection":[{"href":"https:\/\/www.fondation-pierredubois.ch\/fr\/wp-json\/wp\/v2\/pages"}],"about":[{"href":"https:\/\/www.fondation-pierredubois.ch\/fr\/wp-json\/wp\/v2\/types\/page"}],"author":[{"embeddable":true,"href":"https:\/\/www.fondation-pierredubois.ch\/fr\/wp-json\/wp\/v2\/users\/55"}],"replies":[{"embeddable":true,"href":"https:\/\/www.fondation-pierredubois.ch\/fr\/wp-json\/wp\/v2\/comments?post=9658"}],"version-history":[{"count":33,"href":"https:\/\/www.fondation-pierredubois.ch\/fr\/wp-json\/wp\/v2\/pages\/9658\/revisions"}],"predecessor-version":[{"id":14617,"href":"https:\/\/www.fondation-pierredubois.ch\/fr\/wp-json\/wp\/v2\/pages\/9658\/revisions\/14617"}],"wp:attachment":[{"href":"https:\/\/www.fondation-pierredubois.ch\/fr\/wp-json\/wp\/v2\/media?parent=9658"}],"curies":[{"name":"wp","href":"https:\/\/api.w.org\/{rel}","templated":true}]}}

Subsides des années précédentes

<p>Each year, the Pierre du Bois Foundation supports high-quality scholarship by providing grants of different types to individuals and institutions.</p>
<p>Have a look at some of the events and people we supported in the past.</p>
<hr />
<h2 dir="ltr"></h2>
<h2>Grants in 2020</h2>
<h3>27-28 February 2020</h3>
<p><a href="http://www.fondation-pierredubois.ch/fr/grants-in-2020/">Sovereignty, Nationalism and Homogeneity in Europe between the Two World Wars</a></p>
<h2>Grants in 2017</h2>
<h3>14-16 September</h3>
<p><a href="http://www.fondation-pierredubois.ch/fr/subsides-en-2017/">Shaping Education in the (Post)Colonial World Actors, Paradigms, Entanglements 1880s-1980s</a></p>
<h2>Grants in 2016</h2>
<h3>3 June</h3>
<p><a href="http://www.fondation-pierredubois.ch/grants-in-2016/">Aid to Armenia: Armenia and Armenians in International History</a></p>
<h3>9-11 June</h3>
<p><a href="http://www.fondation-pierredubois.ch/grants-in-2016/">Fourth Swiss History Days &#8220;Power (s)&#8221;</a></p>
<h3>3 November</h3>
<p><a href="http://www.fondation-pierredubois.ch/grants-in-2016/">International Organizations and Terrorism: Global and Regional Responses</a></p>
<h2>Grants in 2015</h2>
<h3>27 April</h3>
<p><a href="http://www.fondation-pierredubois.ch/grants-in-2015/">China&#8217;s Seapower in Perspective: The Historical and Cultural Dimension</a></p>
<h3>7-8 May</h3>
<p><a href="http://www.fondation-pierredubois.ch/grants-in-2015/">States and Terrorism, An Ambivalent Relationship</a></p>
<h2>Grants in 2014</h2>
<h3>13-15 March</h3>
<p><a href="http://www.fondation-pierredubois.ch/grants-in-2014/">The Role of the Neutrals and Non-Aligned in the Global Cold War, 1949-1989</a></p>
<h2>Grants in 2013</h2>
<h3>8-9 November</h3>
<p><a href="http://www.fondation-pierredubois.ch/grants/grants-in-2013/">The Fragments Imagine the Nation? Minorities in the colonial and postcolonial Middle East</a></p>
<h2>Grants in 2012</h2>
<h3>2-3 February</h3>
<p><a href="http://www.fondation-pierredubois.ch/grants/grants-in-2012/">The countries of Eastern Europe and the Mediterranean. Relations and crossed glances, 1967-1989</a></p>
<h2>Grants in 2011</h2>
<h3>25-26 August</h3>
<p><a href="http://www.fondation-pierredubois.ch/grants/grants-in-2011/">Towards a New History of the League of Nations</a></p>
<h3>26-29 October</h3>
<p><a href="http://www.fondation-pierredubois.ch/grants/grants-in-2011/">Les dimensions transnationales de l’anticommunisme de guerre froide: actions, réseaux, transferts</a></p>
<h2>Grants in 2010</h2>
<h3>18-19 March</h3>
<p><a href="http://www.fondation-pierredubois.ch/grants-in-2010/">Les Amériques latines: Héritages et mirages des indépendances (1810-2010)</a></p>
<h3>25 June</h3>
<p><a href="http://www.fondation-pierredubois.ch/grants-in-2010/">La construction d’un espace euro-méditerranéen. Genèses, mythes et perspectives</a></p>
<h3>16-17 September</h3>
<p><a href="http://www.fondation-pierredubois.ch/grants-in-2010/">Le parlement européen et les transformations de l&#8217;Europe communautaire</a></p>
<h2>Grants in 2009</h2>
<h3>4 December</h3>
<p><a href="http://www.fondation-pierredubois.ch/grants/grants-in-2009/">Latin American Day 2009</a></p>
