{"id":6789,"date":"2016-11-01T16:22:14","date_gmt":"2016-11-01T16:22:14","guid":{"rendered":"http:\/\/www.fondation-pierredubois.ch\/fr\/prix-pierre-du-bois-2016-emmanuel-dalle-mulle\/"},"modified":"2026-01-07T09:54:19","modified_gmt":"2026-01-07T09:54:19","slug":"prix-pierre-du-bois-2016-emmanuel-dalle-mulle","status":"publish","type":"page","link":"https:\/\/www.fondation-pierredubois.ch\/fr\/prix-pierre-du-bois-2016-emmanuel-dalle-mulle\/","title":{"rendered":"Prix Pierre du Bois 2016 \u2013 Emmanuel Dalle Mulle"},"content":{"rendered":"<p>Le Prix Pierre du Bois a \u00e9t\u00e9 d\u00e9cern\u00e9 le 16 septembre 2016 au Dr Emmanuel Dalle Mulle pour sa th\u00e8se intitul\u00e9e &#8220;The Nationalism of the Rich: Discourses and Strategies of Separatist Parties in Catalonia, Flanders, Scotland and Padania.&#8221;<\/p>\n<p><a class=\"highslide\" href=\"http:\/\/www.fondation-pierredubois.ch\/wp-content\/uploads\/2017\/06\/2016.jpg\"><img decoding=\"async\" style=\"width: 640px; height: 426px;\" src=\"http:\/\/www.fondation-pierredubois.ch\/wp-content\/uploads\/2017\/06\/2016.jpg\" alt=\"hr1\" \/><\/a><\/p>\n<p>&nbsp;<\/p>\n<p>La th\u00e8se examine le &#8220;nationalisme des riches&#8221;, c&#8217;est-\u00e0-dire un type de discours nationaliste qui vise \u00e0 mettre fin \u00e0 l&#8217;exploitation d&#8217;une &#8220;nation riche&#8221; par des r\u00e9gions plus pauvres et\/ou par des structures d&#8217;\u00e9tat inefficientes. Elle consiste en une \u00e9tude comparative du discours de cinq partis s\u00e9paratistes d&#8217;Europe occidentale. Elle a pour objectif de: d\u00e9montrer que le nationalisme des riches est une nouveaut\u00e9 dans l&#8217;histoire du nationalisme; examiner comment il a \u00e9t\u00e9 formul\u00e9 par les partis analys\u00e9s; identifier quels facteurs ont favoris\u00e9 son d\u00e9veloppement et son succ\u00e8s. L&#8217;\u00e9tude se base sur une m\u00e9thode des &#8220;syst\u00e8mes les plus diff\u00e9rents&#8221; selon laquelle le nationalisme des riches serait la principale variable partag\u00e9e par tous les cas d&#8217;\u00e9tude. En d\u00e9cortiquant le discours de ces partis, la th\u00e8se cherche donc \u00e0 trouver des facteurs explicatifs communs. Elle identifie trois strat\u00e9gies rh\u00e9toriques principales: un argumentaire instrumental en faveur de l&#8217;ind\u00e9pendance, une approche gradualiste \u00e0 la s\u00e9cession et une explication du d\u00e9veloppement socio-\u00e9conomique bas\u00e9e sur un d\u00e9terminisme culturel. Dans la longue dur\u00e9e, elle souligne le r\u00f4le jou\u00e9 par la cr\u00e9ation des formes substantielles de redistribution automatique et les circonstances \u00e9conomiques exceptionnelles deleur mise en place, qui en ont consid\u00e9rablement r\u00e9duit les co\u00fbts politiques. Le nationalisme des riches serait donc la cons\u00e9quence de la fin des Trente Glorieuses, m\u00eame si elle se limite \u00e0 la pr\u00e9sence d&#8217;une fracture nationale sub-\u00e9tatique co\u00efncidant avec des d\u00e9s\u00e9quilibres majeurs entre les performances \u00e9conomiques de diff\u00e9rentes zones du m\u00eame pays et avec des cas importants defaillite des politiques publiques.<\/p>\n<p>&nbsp;<\/p>\n<p>Le travail du Dr. Emmanuel Dalle Mulle a abouti \u00e0 la publication du livre <em><a href=\"https:\/\/www.routledge.com\/The-Nationalism-of-the-Rich-Discourses-and-Strategies-of-Separatist-Parties\/Dalle-Mulle\/p\/book\/9781138066885\" target=\"_blank\" rel=\"noopener\">The Nationalism of the Rich, Discourses and Strategies of Separatist Parties in Catalonia, Flanders, Northern Italy and Scotland<\/a>.<\/em> Vous pouvez voir le CV de Dr. Emmanuel Dalle Mulle en cliquant <a href=\"http:\/\/www.fondation-pierredubois.ch\/wp-content\/uploads\/2018\/01\/Dalle-Mulle-CV-Academic.pdf\" target=\"_blank\" rel=\"noopener noreferrer\">ici<\/a>.<\/p>\n<p><img fetchpriority=\"high\" decoding=\"async\" class=\"size-medium wp-image-11224\" src=\"http:\/\/www.fondation-pierredubois.ch\/wp-content\/uploads\/2016\/11\/Cover-200x300.jpg\" alt=\"\" width=\"200\" height=\"300\" srcset=\"https:\/\/www.fondation-pierredubois.ch\/wp-content\/uploads\/2016\/11\/Cover-200x300.jpg 200w, https:\/\/www.fondation-pierredubois.ch\/wp-content\/uploads\/2016\/11\/Cover-768x1151.jpg 768w, https:\/\/www.fondation-pierredubois.ch\/wp-content\/uploads\/2016\/11\/Cover-234x350.jpg 234w, https:\/\/www.fondation-pierredubois.ch\/wp-content\/uploads\/2016\/11\/Cover.jpg 934w\" sizes=\"(max-width: 200px) 100vw, 200px\" \/><\/p>\n<p>Le Prix Pierre du Bois r\u00e9compense la meilleure th\u00e8se de doctorat en histoire du temps pr\u00e9sent soutenue dans l&#8217;Unit\u00e9\u00a0d&#8217;Histoire internationale de l\u2019Institut de hautes \u00e9tudes internationales et du d\u00e9veloppement \u00e0 Gen\u00e8ve au cours de l&#8217;ann\u00e9e \u00e9coul\u00e9e. Il est dot\u00e9 d\u2019une valeur de 5000 CHF.<\/p>\n<p>&nbsp;<\/p>\n<p>&nbsp;<\/p>\n","protected":false},"excerpt":{"rendered":"<p class=\"excerpt\">Le Prix Pierre du Bois a \u00e9t\u00e9 d\u00e9cern\u00e9 le 16 septembre 2016 au Dr Emmanuel Dalle Mulle pour sa th\u00e8se intitul\u00e9e &#8220;The Nationalism of the Rich: Discourses and Strategies of Separatist Parties in Catalonia, Flanders, Scotland and Padania.&#8221; &nbsp; La th\u00e8se examine le &#8220;nationalisme des riches&#8221;, c&#8217;est-\u00e0-dire un type de discours nationaliste qui vise \u00e0 mettre fin \u00e0 l&#8217;exploitation d&#8217;une&hellip; <a href=\"https:\/\/www.fondation-pierredubois.ch\/fr\/prix-pierre-du-bois-2016-emmanuel-dalle-mulle\/\">Read more &rarr;<\/a><\/p>\n","protected":false},"author":55,"featured_media":0,"parent":0,"menu_order":0,"comment_status":"closed","ping_status":"closed","template":"","meta":{"footnotes":""},"class_list":["post-6789","page","type-page","status-publish","hentry","xfolkentry"],"_links":{"self":[{"href":"https:\/\/www.fondation-pierredubois.ch\/fr\/wp-json\/wp\/v2\/pages\/6789","targetHints":{"allow":["GET"]}}],"collection":[{"href":"https:\/\/www.fondation-pierredubois.ch\/fr\/wp-json\/wp\/v2\/pages"}],"about":[{"href":"https:\/\/www.fondation-pierredubois.ch\/fr\/wp-json\/wp\/v2\/types\/page"}],"author":[{"embeddable":true,"href":"https:\/\/www.fondation-pierredubois.ch\/fr\/wp-json\/wp\/v2\/users\/55"}],"replies":[{"embeddable":true,"href":"https:\/\/www.fondation-pierredubois.ch\/fr\/wp-json\/wp\/v2\/comments?post=6789"}],"version-history":[{"count":31,"href":"https:\/\/www.fondation-pierredubois.ch\/fr\/wp-json\/wp\/v2\/pages\/6789\/revisions"}],"predecessor-version":[{"id":19389,"href":"https:\/\/www.fondation-pierredubois.ch\/fr\/wp-json\/wp\/v2\/pages\/6789\/revisions\/19389"}],"wp:attachment":[{"href":"https:\/\/www.fondation-pierredubois.ch\/fr\/wp-json\/wp\/v2\/media?parent=6789"}],"curies":[{"name":"wp","href":"https:\/\/api.w.org\/{rel}","templated":true}]}}

<p>Le Prix Pierre du Bois a été décerné le 16 septembre 2016 au Dr Emmanuel Dalle Mulle pour sa thèse intitulée &#8220;The Nationalism of the Rich: Discourses and Strategies of Separatist Parties in Catalonia, Flanders, Scotland and Padania.&#8221;</p>
<p><a class="highslide" href="http://www.fondation-pierredubois.ch/wp-content/uploads/2017/06/2016.jpg"><img decoding="async" style="width: 640px; height: 426px;" src="http://www.fondation-pierredubois.ch/wp-content/uploads/2017/06/2016.jpg" alt="hr1" /></a></p>
<p>&nbsp;</p>
<p>La thèse examine le &#8220;nationalisme des riches&#8221;, c&#8217;est-à-dire un type de discours nationaliste qui vise à mettre fin à l&#8217;exploitation d&#8217;une &#8220;nation riche&#8221; par des régions plus pauvres et/ou par des structures d&#8217;état inefficientes. Elle consiste en une étude comparative du discours de cinq partis séparatistes d&#8217;Europe occidentale. Elle a pour objectif de: démontrer que le nationalisme des riches est une nouveauté dans l&#8217;histoire du nationalisme; examiner comment il a été formulé par les partis analysés; identifier quels facteurs ont favorisé son développement et son succès. L&#8217;étude se base sur une méthode des &#8220;systèmes les plus différents&#8221; selon laquelle le nationalisme des riches serait la principale variable partagée par tous les cas d&#8217;étude. En décortiquant le discours de ces partis, la thèse cherche donc à trouver des facteurs explicatifs communs. Elle identifie trois stratégies rhétoriques principales: un argumentaire instrumental en faveur de l&#8217;indépendance, une approche gradualiste à la sécession et une explication du développement socio-économique basée sur un déterminisme culturel. Dans la longue durée, elle souligne le rôle joué par la création des formes substantielles de redistribution automatique et les circonstances économiques exceptionnelles deleur mise en place, qui en ont considérablement réduit les coûts politiques. Le nationalisme des riches serait donc la conséquence de la fin des Trente Glorieuses, même si elle se limite à la présence d&#8217;une fracture nationale sub-étatique coïncidant avec des déséquilibres majeurs entre les performances économiques de différentes zones du même pays et avec des cas importants defaillite des politiques publiques.</p>
<p>&nbsp;</p>
<p>Le travail du Dr. Emmanuel Dalle Mulle a abouti à la publication du livre <em><a href="https://www.routledge.com/The-Nationalism-of-the-Rich-Discourses-and-Strategies-of-Separatist-Parties/Dalle-Mulle/p/book/9781138066885" target="_blank" rel="noopener">The Nationalism of the Rich, Discourses and Strategies of Separatist Parties in Catalonia, Flanders, Northern Italy and Scotland</a>.</em> Vous pouvez voir le CV de Dr. Emmanuel Dalle Mulle en cliquant <a href="http://www.fondation-pierredubois.ch/wp-content/uploads/2018/01/Dalle-Mulle-CV-Academic.pdf" target="_blank" rel="noopener noreferrer">ici</a>.</p>
<p><img fetchpriority="high" decoding="async" class="size-medium wp-image-11224" src="http://www.fondation-pierredubois.ch/wp-content/uploads/2016/11/Cover-200x300.jpg" alt="" width="200" height="300" srcset="https://www.fondation-pierredubois.ch/wp-content/uploads/2016/11/Cover-200x300.jpg 200w, https://www.fondation-pierredubois.ch/wp-content/uploads/2016/11/Cover-768x1151.jpg 768w, https://www.fondation-pierredubois.ch/wp-content/uploads/2016/11/Cover-234x350.jpg 234w, https://www.fondation-pierredubois.ch/wp-content/uploads/2016/11/Cover.jpg 934w" sizes="(max-width: 200px) 100vw, 200px" /></p>
<p>Le Prix Pierre du Bois récompense la meilleure thèse de doctorat en histoire du temps présent soutenue dans l&#8217;Unité d&#8217;Histoire internationale de l’Institut de hautes études internationales et du développement à Genève au cours de l&#8217;année écoulée. Il est doté d’une valeur de 5000 CHF.</p>
<p>&nbsp;</p>
<p>&nbsp;</p>

<p class="excerpt">Le Prix Pierre du Bois a été décerné le 16 septembre 2016 au Dr Emmanuel Dalle Mulle pour sa thèse intitulée &#8220;The Nationalism of the Rich: Discourses and Strategies of Separatist Parties in Catalonia, Flanders, Scotland and Padania.&#8221; &nbsp; La thèse examine le &#8220;nationalisme des riches&#8221;, c&#8217;est-à-dire un type de discours nationaliste qui vise à mettre fin à l&#8217;exploitation d&#8217;une&hellip; <a href="https://www.fondation-pierredubois.ch/fr/prix-pierre-du-bois-2016-emmanuel-dalle-mulle/">Read more &rarr;</a></p>
