{"id":4125,"date":"2015-04-28T08:11:33","date_gmt":"2015-04-28T08:11:33","guid":{"rendered":"http:\/\/www.fondation-pierredubois.ch\/?page_id=4125"},"modified":"2017-06-01T12:55:43","modified_gmt":"2017-06-01T12:55:43","slug":"pascal-couchepin-inaugurated-the-pierre-du-bois-foundation","status":"publish","type":"page","link":"https:\/\/www.fondation-pierredubois.ch\/fr\/pascal-couchepin-inaugurated-the-pierre-du-bois-foundation\/","title":{"rendered":"2008 \u2013 Pascal Couchepin a inaugur\u00e9 la Fondation Pierre du Bois"},"content":{"rendered":"<table class=\"contentpaneopen\">\n<tbody>\n<tr>\n<td class=\"contentheading\" width=\"100%\"><\/td>\n<td class=\"buttonheading\" align=\"right\" width=\"100%\"><\/td>\n<td class=\"buttonheading\" align=\"right\" width=\"100%\"><\/td>\n<\/tr>\n<\/tbody>\n<\/table>\n<table class=\"contentpaneopen\">\n<tbody>\n<tr>\n<td valign=\"top\"><span class=\"rouge\"><a class=\"highslide\" href=\"http:\/\/www.fondation-pierredubois.ch\/images\/stories\/confrence_p._couchepin\/couchepin_20081208.jpg\"><img decoding=\"async\" title=\"couchepin_20081208.jpg\" src=\"http:\/\/www.fondation-pierredubois.ch\/images\/stories\/confrence_p._couchepin\/couchepin_20081208.jpg\" alt=\"couchepin_20081208.jpg\" width=\"225\" height=\"150\" \/><\/a><\/span><\/p>\n<p><span class=\"rouge\">M. Pascal Couchepin<\/span>, Pr\u00e9sident de la Conf\u00e9d\u00e9ration suisse, a inaugur\u00e9 la Fondation Pierre du Bois pour l&#8217;histoire du temps pr\u00e9sent, le lundi 8 d\u00e9cembre \u00e0 l&#8217;Institut de hautes \u00e9tudes internationales et du d\u00e9veloppement.<\/p>\n<p>A cette occasion, Pascal Couchepin s&#8217;exprima au sujet de \u00abl&#8217;homme politique et l&#8217;actualit\u00e9\u00bb. Il se souvint de Pierre du Bois et de l&#8217;amiti\u00e9 qui les lia pendant presque un demi-si\u00e8cle, mettant en avant sa culture et son \u00e9l\u00e9gance, ainsi que son amour pour la discussion et pour la d\u00e9couverte de choses nouvelles.<\/p>\n<p class=\"para-a-la-ligne\"><a href=\"http:\/\/www.fondation-pierredubois.ch\/Colloques-et-conferences-publiques\/compte-rendu-de-lallocution-de-m-pascal-couchepin.html\">Lire le compte rendu de la conf\u00e9rence<\/a><\/p>\n<p><a href=\"http:\/\/www.fondation-pierredubois.ch\/Colloques-et-conferences-publiques\/videos-de-lallocution-de-m-pascal-couchepin.html\">Voir la vid\u00e9o du discours de M. Pascal Couchepin<\/a><\/p>\n<p><a href=\"http:\/\/www.fondation-pierredubois.ch\/Colloques-et-conferences-publiques\/video-des-interventions-de-m-philippe-burrin-et-mme-irina-du-bois.html\">Voir les vid\u00e9os des allocutions de M. Philippe Burrin et d <\/a> <a href=\"http:\/\/www.fondation-pierredubois.ch\/Colloques-et-conferences-publiques\/video-des-interventions-de-m-philippe-burrin-et-mme-irina-du-bois.html\"> e Mme Irina du Bois<\/a><\/p>\n<p><a href=\"http:\/\/www.fondation-pierredubois.ch\/Colloques-et-conferences-publiques\/les-photos-de-la-conference-inaugurale.html\">Voir la galerie photos<\/a><\/p>\n<p><a href=\"http:\/\/www.fondation-pierredubois.ch\/images\/stories\/confrence_p._couchepin\/pmu-presse-24h-dignite.pdf\">Voir aussi l&#8217;article paru dans &#8221;24 Heures&#8221;<\/a><\/td>\n<\/tr>\n<\/tbody>\n<\/table>\n","protected":false},"excerpt":{"rendered":"<p class=\"excerpt\">M. Pascal Couchepin, Pr\u00e9sident de la Conf\u00e9d\u00e9ration suisse, a inaugur\u00e9 la Fondation Pierre du Bois pour l&#8217;histoire du temps pr\u00e9sent, le lundi 8 d\u00e9cembre \u00e0 l&#8217;Institut de hautes \u00e9tudes internationales et du d\u00e9veloppement. A cette occasion, Pascal Couchepin s&#8217;exprima au sujet de \u00abl&#8217;homme politique et l&#8217;actualit\u00e9\u00bb. Il se souvint de Pierre du Bois et de l&#8217;amiti\u00e9 qui les lia pendant&hellip; <a href=\"https:\/\/www.fondation-pierredubois.ch\/fr\/pascal-couchepin-inaugurated-the-pierre-du-bois-foundation\/\">Read more &rarr;<\/a><\/p>\n","protected":false},"author":55,"featured_media":1786,"parent":0,"menu_order":1,"comment_status":"closed","ping_status":"closed","template":"","meta":{"footnotes":""},"class_list":["post-4125","page","type-page","status-publish","has-post-thumbnail","hentry","xfolkentry"],"_links":{"self":[{"href":"https:\/\/www.fondation-pierredubois.ch\/fr\/wp-json\/wp\/v2\/pages\/4125","targetHints":{"allow":["GET"]}}],"collection":[{"href":"https:\/\/www.fondation-pierredubois.ch\/fr\/wp-json\/wp\/v2\/pages"}],"about":[{"href":"https:\/\/www.fondation-pierredubois.ch\/fr\/wp-json\/wp\/v2\/types\/page"}],"author":[{"embeddable":true,"href":"https:\/\/www.fondation-pierredubois.ch\/fr\/wp-json\/wp\/v2\/users\/55"}],"replies":[{"embeddable":true,"href":"https:\/\/www.fondation-pierredubois.ch\/fr\/wp-json\/wp\/v2\/comments?post=4125"}],"version-history":[{"count":19,"href":"https:\/\/www.fondation-pierredubois.ch\/fr\/wp-json\/wp\/v2\/pages\/4125\/revisions"}],"predecessor-version":[{"id":9952,"href":"https:\/\/www.fondation-pierredubois.ch\/fr\/wp-json\/wp\/v2\/pages\/4125\/revisions\/9952"}],"wp:featuredmedia":[{"embeddable":true,"href":"https:\/\/www.fondation-pierredubois.ch\/fr\/wp-json\/wp\/v2\/media\/1786"}],"wp:attachment":[{"href":"https:\/\/www.fondation-pierredubois.ch\/fr\/wp-json\/wp\/v2\/media?parent=4125"}],"curies":[{"name":"wp","href":"https:\/\/api.w.org\/{rel}","templated":true}]}}

2008 – Pascal Couchepin a inauguré la Fondation Pierre du Bois

<table class="contentpaneopen">
<tbody>
<tr>
<td class="contentheading" width="100%"></td>
<td class="buttonheading" align="right" width="100%"></td>
<td class="buttonheading" align="right" width="100%"></td>
</tr>
</tbody>
</table>
<table class="contentpaneopen">
<tbody>
<tr>
<td valign="top"><span class="rouge"><a class="highslide" href="http://www.fondation-pierredubois.ch/images/stories/confrence_p._couchepin/couchepin_20081208.jpg"><img decoding="async" title="couchepin_20081208.jpg" src="http://www.fondation-pierredubois.ch/images/stories/confrence_p._couchepin/couchepin_20081208.jpg" alt="couchepin_20081208.jpg" width="225" height="150" /></a></span></p>
<p><span class="rouge">M. Pascal Couchepin</span>, Président de la Confédération suisse, a inauguré la Fondation Pierre du Bois pour l&#8217;histoire du temps présent, le lundi 8 décembre à l&#8217;Institut de hautes études internationales et du développement.</p>
<p>A cette occasion, Pascal Couchepin s&#8217;exprima au sujet de «l&#8217;homme politique et l&#8217;actualité». Il se souvint de Pierre du Bois et de l&#8217;amitié qui les lia pendant presque un demi-siècle, mettant en avant sa culture et son élégance, ainsi que son amour pour la discussion et pour la découverte de choses nouvelles.</p>
<p class="para-a-la-ligne"><a href="http://www.fondation-pierredubois.ch/Colloques-et-conferences-publiques/compte-rendu-de-lallocution-de-m-pascal-couchepin.html">Lire le compte rendu de la conférence</a></p>
<p><a href="http://www.fondation-pierredubois.ch/Colloques-et-conferences-publiques/videos-de-lallocution-de-m-pascal-couchepin.html">Voir la vidéo du discours de M. Pascal Couchepin</a></p>
<p><a href="http://www.fondation-pierredubois.ch/Colloques-et-conferences-publiques/video-des-interventions-de-m-philippe-burrin-et-mme-irina-du-bois.html">Voir les vidéos des allocutions de M. Philippe Burrin et d </a> <a href="http://www.fondation-pierredubois.ch/Colloques-et-conferences-publiques/video-des-interventions-de-m-philippe-burrin-et-mme-irina-du-bois.html"> e Mme Irina du Bois</a></p>
<p><a href="http://www.fondation-pierredubois.ch/Colloques-et-conferences-publiques/les-photos-de-la-conference-inaugurale.html">Voir la galerie photos</a></p>
<p><a href="http://www.fondation-pierredubois.ch/images/stories/confrence_p._couchepin/pmu-presse-24h-dignite.pdf">Voir aussi l&#8217;article paru dans &#8221;24 Heures&#8221;</a></td>
</tr>
</tbody>
</table>

<p class="excerpt">M. Pascal Couchepin, Président de la Confédération suisse, a inauguré la Fondation Pierre du Bois pour l&#8217;histoire du temps présent, le lundi 8 décembre à l&#8217;Institut de hautes études internationales et du développement. A cette occasion, Pascal Couchepin s&#8217;exprima au sujet de «l&#8217;homme politique et l&#8217;actualité». Il se souvint de Pierre du Bois et de l&#8217;amitié qui les lia pendant&hellip; <a href="https://www.fondation-pierredubois.ch/fr/pascal-couchepin-inaugurated-the-pierre-du-bois-foundation/">Read more &rarr;</a></p>
