{"id":4077,"date":"2015-04-27T13:46:32","date_gmt":"2015-04-27T13:46:32","guid":{"rendered":"http:\/\/www.fondation-pierredubois.ch\/?page_id=4077"},"modified":"2017-05-09T13:00:05","modified_gmt":"2017-05-09T13:00:05","slug":"parution-douvrages-de-et-pour-pierre-du-bois","status":"publish","type":"page","link":"https:\/\/www.fondation-pierredubois.ch\/fr\/disparition-du-professeur-pierre-du-bois\/parution-douvrages-de-et-pour-pierre-du-bois\/","title":{"rendered":"Parution d&#8217;ouvrages de et pour Pierre du Bois"},"content":{"rendered":"<p>Une ann\u00e9e apr\u00e8s la disparition du Professeur Pierre du Bois sont parus son dernier livre, \u00e0 titre posthume, et des M\u00e9langes en son honneur.<\/p>\n<p>&nbsp;<\/p>\n<p><em><a href=\"http:\/\/www.fondation-pierredubois.ch\/pierre-du-bois\/published-works-by-and-for-pierre-du-bois\/histoire-de-leurope-monetaire-1945-2005-euro-qui-comme-ulysse\/\" target=\"_blank\" rel=\"noopener noreferrer\">Histoire de l&#8217;Europe mon\u00e9taire 1945-2005<br \/>\nEuro qui comme Ulysse&#8230;<\/a><\/em><br \/>\nde Pierre du Bois<br \/>\nPUF-IHEID, 2008<\/p>\n<p>&nbsp;<\/p>\n<p><em><a href=\"http:\/\/www.fondation-pierredubois.ch\/pierre-du-bois\/published-works-by-and-for-pierre-du-bois\/construire-leurope-melanges-en-hommage-a-pierre-du-bois\/\" target=\"_blank\" rel=\"noopener noreferrer\">Construire l&#8217;Europe.<br \/>\nM\u00e9langes en hommage \u00e0 Pierre du Bois<\/a><\/em><br \/>\nAndre Liebich et Basil Germond (dir)<br \/>\nPUF-IHEID, 2008<\/p>\n<p>&nbsp;<\/p>\n<p style=\"padding: 0px; margin: 0px 0px 7px; color: #000000; font-family: Arial, sans-serif; font-size: 12px; line-height: 16.7999992370605px; text-align: justify;\"><span style=\"color: #646464;\">Le lancement de ces deux livres le 17 septembre 2008 r\u00e9unit les\u00a0amis, coll\u00e8gues et anciens \u00e9tudiants de Pierre du Bois au Domaine de Penthes \u00e0 Gen\u00e8ve. Apr\u00e8s des allocutions de Mme Irina du Bois, du Prof. Philippe Burrin, directeur de l&#8217;Institut de hautes \u00e9tudes internationales et du d\u00e9veloppement \u00e0 Gen\u00e8ve et de l&#8217;Ambassadeur B\u00e9n\u00e9dict\u00a0de Tscharner, pr\u00e9sident de la Fondation pour l&#8217;histoire des Suisses dans le monde \u00e0 Gen\u00e8ve,\u00a0<em>l&#8217;Histo<\/em><em>ire de l&#8217;Europe mon\u00e9taire 1945-2005.\u00a0E<\/em><span class=\"para-a-la-ligne\" style=\"clear: both;\"><em>uro qui\u00a0<\/em><\/span><em>comme Ulysse&#8230;<\/em>\u00a0fut pr\u00e9sent\u00e9 par le Prof. Eric Bussi\u00e8res, professeur \u00e0 l&#8217;Universit\u00e9 de Paris IV (Sorbonne), qui mit en avant la grande vari\u00e9t\u00e9 des sources utilis\u00e9es et le style passionnant du dernier ouvrage de Pierre du Bois.<\/span><\/p>\n<p style=\"text-align: justify;\"><a href=\"http:\/\/www.fondation-pierredubois.ch\/wp-content\/uploads\/2008\/11\/ambassadeur_de_tscharner.jpg\"><img decoding=\"async\" class=\"size-full wp-image-574\" style=\"margin: 0px 7px 0px 0px;\" title=\"ambassadeur_de_tscharner.jpg\" src=\"http:\/\/www.fondation-pierredubois.ch\/wp-content\/uploads\/2008\/11\/ambassadeur_de_tscharner.jpg\" alt=\"ambassadeur_de_tscharner.jpg\" width=\"209\" height=\"140\" srcset=\"https:\/\/www.fondation-pierredubois.ch\/wp-content\/uploads\/2008\/11\/ambassadeur_de_tscharner.jpg 640w, https:\/\/www.fondation-pierredubois.ch\/wp-content\/uploads\/2008\/11\/ambassadeur_de_tscharner-300x200.jpg 300w\" sizes=\"(max-width: 209px) 100vw, 209px\" \/><\/a><a href=\"http:\/\/www.fondation-pierredubois.ch\/wp-content\/uploads\/2008\/11\/prof._philippe_burrin.jpg\"><img decoding=\"async\" class=\"size-full wp-image-579\" style=\"margin: 0px;\" title=\"prof._philippe_burrin.jpg\" src=\"http:\/\/www.fondation-pierredubois.ch\/wp-content\/uploads\/2008\/11\/prof._philippe_burrin.jpg\" alt=\"prof._philippe_burrin.jpg\" height=\"140\" srcset=\"https:\/\/www.fondation-pierredubois.ch\/wp-content\/uploads\/2008\/11\/prof._philippe_burrin.jpg 640w, https:\/\/www.fondation-pierredubois.ch\/wp-content\/uploads\/2008\/11\/prof._philippe_burrin-300x200.jpg 300w\" sizes=\"(max-width: 640px) 100vw, 640px\" \/><\/a><br \/>\n<a href=\"http:\/\/www.fondation-pierredubois.ch\/wp-content\/uploads\/2008\/11\/mme_irina_du_bois.jpg\"><img decoding=\"async\" class=\"size-full wp-image-576\" style=\"margin: 5px 5px 0px 0px;\" title=\"mme_irina_du_bois.jpg\" src=\"http:\/\/www.fondation-pierredubois.ch\/wp-content\/uploads\/2008\/11\/mme_irina_du_bois.jpg\" alt=\"mme_irina_du_bois.jpg\" width=\"138\" srcset=\"https:\/\/www.fondation-pierredubois.ch\/wp-content\/uploads\/2008\/11\/mme_irina_du_bois.jpg 427w, https:\/\/www.fondation-pierredubois.ch\/wp-content\/uploads\/2008\/11\/mme_irina_du_bois-200x300.jpg 200w\" sizes=\"(max-width: 427px) 100vw, 427px\" \/><\/a><a href=\"http:\/\/www.fondation-pierredubois.ch\/wp-content\/uploads\/2008\/11\/prof_eric_bussieres.jpg\"><img decoding=\"async\" class=\"size-full wp-image-577\" style=\"margin: 5px 5px 0px 0px;\" title=\"prof_eric_bussieres.jpg\" src=\"http:\/\/www.fondation-pierredubois.ch\/wp-content\/uploads\/2008\/11\/prof_eric_bussieres.jpg\" alt=\"prof_eric_bussieres.jpg\" width=\"138\" srcset=\"https:\/\/www.fondation-pierredubois.ch\/wp-content\/uploads\/2008\/11\/prof_eric_bussieres.jpg 427w, https:\/\/www.fondation-pierredubois.ch\/wp-content\/uploads\/2008\/11\/prof_eric_bussieres-200x300.jpg 200w\" sizes=\"(max-width: 427px) 100vw, 427px\" \/><\/a><a href=\"http:\/\/www.fondation-pierredubois.ch\/wp-content\/uploads\/2008\/11\/dr_basil_germond.jpg\"><img decoding=\"async\" class=\"size-full wp-image-578\" style=\"margin: 5px 0px 0px;\" title=\"dr_basil_germond.jpg\" src=\"http:\/\/www.fondation-pierredubois.ch\/wp-content\/uploads\/2008\/11\/dr_basil_germond.jpg\" alt=\"dr_basil_germond.jpg\" width=\"138\" srcset=\"https:\/\/www.fondation-pierredubois.ch\/wp-content\/uploads\/2008\/11\/dr_basil_germond.jpg 427w, https:\/\/www.fondation-pierredubois.ch\/wp-content\/uploads\/2008\/11\/dr_basil_germond-200x300.jpg 200w\" sizes=\"(max-width: 427px) 100vw, 427px\" \/><\/a><\/p>\n<div style=\"text-align: justify;\"><span style=\"color: #646464;\">Les M\u00e9langes en hommage \u00e0 Pierre du Bois, \u00e9dit\u00e9s par Andre Liebich et Basil Germond, avec des contributions de Bruno Arcidiacono, Jean-Fran\u00e7ois Bergier, Lubor Jilek, Alfonso Mattera, Andr\u00e9 Rezler, Benedikt Shoenborn, Georges-Henri Soutou, Marie-Th\u00e9r\u00e8se Bitsch, Victor-Yves Chebali, Gilles Grin, Franz Blankart, Mohammad-Reza Djalili et Thierry Kellner, Jussi Hanhim\u00e4ki, Adrian Ivan et Andre Liebich, ainsi qu&#8217;un essai biobibliographique sur Pierre du\u00a0Bois par Basil Germond et Fran\u00e7ois Jequier, furent pr\u00e9sent\u00e9s par Basil Germond, un des derniers doctorants \u00e0 avoir travaill\u00e9 sous la direction du Prof. Pierre du Bois.<\/span><\/div>\n<div class=\"para-a-la-ligne\" style=\"text-align: justify;\"><\/div>\n<div class=\"para-a-la-ligne\" style=\"text-align: justify;\"><\/div>\n<div class=\"para-a-la-ligne\" style=\"text-align: justify;\">\n<div style=\"text-align: justify;\"><a href=\"http:\/\/www.fondation-pierredubois.ch\/fr\/disparition-du-professeur-pierre-du-bois\/parution-douvrages-de-et-pour-pierre-du-bois\/galerie-photos-de-la-ceremonie-de-presentation-des-ouvrages\/\">Voir plus de photos<\/a><\/div>\n<\/div>\n","protected":false},"excerpt":{"rendered":"<p class=\"excerpt\">Une ann\u00e9e apr\u00e8s la disparition du Professeur Pierre du Bois sont parus son dernier livre, \u00e0 titre posthume, et des M\u00e9langes en son honneur. &nbsp; Histoire de l&#8217;Europe mon\u00e9taire 1945-2005 Euro qui comme Ulysse&#8230; de Pierre du Bois PUF-IHEID, 2008 &nbsp; Construire l&#8217;Europe. M\u00e9langes en hommage \u00e0 Pierre du Bois Andre Liebich et Basil Germond (dir) PUF-IHEID, 2008 &nbsp; Le&hellip; <a href=\"https:\/\/www.fondation-pierredubois.ch\/fr\/disparition-du-professeur-pierre-du-bois\/parution-douvrages-de-et-pour-pierre-du-bois\/\">Read more &rarr;<\/a><\/p>\n","protected":false},"author":55,"featured_media":0,"parent":4068,"menu_order":3,"comment_status":"closed","ping_status":"closed","template":"","meta":{"footnotes":""},"class_list":["post-4077","page","type-page","status-publish","hentry","xfolkentry"],"_links":{"self":[{"href":"https:\/\/www.fondation-pierredubois.ch\/fr\/wp-json\/wp\/v2\/pages\/4077","targetHints":{"allow":["GET"]}}],"collection":[{"href":"https:\/\/www.fondation-pierredubois.ch\/fr\/wp-json\/wp\/v2\/pages"}],"about":[{"href":"https:\/\/www.fondation-pierredubois.ch\/fr\/wp-json\/wp\/v2\/types\/page"}],"author":[{"embeddable":true,"href":"https:\/\/www.fondation-pierredubois.ch\/fr\/wp-json\/wp\/v2\/users\/55"}],"replies":[{"embeddable":true,"href":"https:\/\/www.fondation-pierredubois.ch\/fr\/wp-json\/wp\/v2\/comments?post=4077"}],"version-history":[{"count":15,"href":"https:\/\/www.fondation-pierredubois.ch\/fr\/wp-json\/wp\/v2\/pages\/4077\/revisions"}],"predecessor-version":[{"id":9599,"href":"https:\/\/www.fondation-pierredubois.ch\/fr\/wp-json\/wp\/v2\/pages\/4077\/revisions\/9599"}],"up":[{"embeddable":true,"href":"https:\/\/www.fondation-pierredubois.ch\/fr\/wp-json\/wp\/v2\/pages\/4068"}],"wp:attachment":[{"href":"https:\/\/www.fondation-pierredubois.ch\/fr\/wp-json\/wp\/v2\/media?parent=4077"}],"curies":[{"name":"wp","href":"https:\/\/api.w.org\/{rel}","templated":true}]}}

<p>Une année après la disparition du Professeur Pierre du Bois sont parus son dernier livre, à titre posthume, et des Mélanges en son honneur.</p>
<p>&nbsp;</p>
<p><em><a href="http://www.fondation-pierredubois.ch/pierre-du-bois/published-works-by-and-for-pierre-du-bois/histoire-de-leurope-monetaire-1945-2005-euro-qui-comme-ulysse/" target="_blank" rel="noopener noreferrer">Histoire de l&#8217;Europe monétaire 1945-2005<br />
Euro qui comme Ulysse&#8230;</a></em><br />
de Pierre du Bois<br />
PUF-IHEID, 2008</p>
<p>&nbsp;</p>
<p><em><a href="http://www.fondation-pierredubois.ch/pierre-du-bois/published-works-by-and-for-pierre-du-bois/construire-leurope-melanges-en-hommage-a-pierre-du-bois/" target="_blank" rel="noopener noreferrer">Construire l&#8217;Europe.<br />
Mélanges en hommage à Pierre du Bois</a></em><br />
Andre Liebich et Basil Germond (dir)<br />
PUF-IHEID, 2008</p>
<p>&nbsp;</p>
<p style="padding: 0px; margin: 0px 0px 7px; color: #000000; font-family: Arial, sans-serif; font-size: 12px; line-height: 16.7999992370605px; text-align: justify;"><span style="color: #646464;">Le lancement de ces deux livres le 17 septembre 2008 réunit les amis, collègues et anciens étudiants de Pierre du Bois au Domaine de Penthes à Genève. Après des allocutions de Mme Irina du Bois, du Prof. Philippe Burrin, directeur de l&#8217;Institut de hautes études internationales et du développement à Genève et de l&#8217;Ambassadeur Bénédict de Tscharner, président de la Fondation pour l&#8217;histoire des Suisses dans le monde à Genève, <em>l&#8217;Histo</em><em>ire de l&#8217;Europe monétaire 1945-2005. E</em><span class="para-a-la-ligne" style="clear: both;"><em>uro qui </em></span><em>comme Ulysse&#8230;</em> fut présenté par le Prof. Eric Bussières, professeur à l&#8217;Université de Paris IV (Sorbonne), qui mit en avant la grande variété des sources utilisées et le style passionnant du dernier ouvrage de Pierre du Bois.</span></p>
<p style="text-align: justify;"><a href="http://www.fondation-pierredubois.ch/wp-content/uploads/2008/11/ambassadeur_de_tscharner.jpg"><img decoding="async" class="size-full wp-image-574" style="margin: 0px 7px 0px 0px;" title="ambassadeur_de_tscharner.jpg" src="http://www.fondation-pierredubois.ch/wp-content/uploads/2008/11/ambassadeur_de_tscharner.jpg" alt="ambassadeur_de_tscharner.jpg" width="209" height="140" srcset="https://www.fondation-pierredubois.ch/wp-content/uploads/2008/11/ambassadeur_de_tscharner.jpg 640w, https://www.fondation-pierredubois.ch/wp-content/uploads/2008/11/ambassadeur_de_tscharner-300x200.jpg 300w" sizes="(max-width: 209px) 100vw, 209px" /></a><a href="http://www.fondation-pierredubois.ch/wp-content/uploads/2008/11/prof._philippe_burrin.jpg"><img decoding="async" class="size-full wp-image-579" style="margin: 0px;" title="prof._philippe_burrin.jpg" src="http://www.fondation-pierredubois.ch/wp-content/uploads/2008/11/prof._philippe_burrin.jpg" alt="prof._philippe_burrin.jpg" height="140" srcset="https://www.fondation-pierredubois.ch/wp-content/uploads/2008/11/prof._philippe_burrin.jpg 640w, https://www.fondation-pierredubois.ch/wp-content/uploads/2008/11/prof._philippe_burrin-300x200.jpg 300w" sizes="(max-width: 640px) 100vw, 640px" /></a><br />
<a href="http://www.fondation-pierredubois.ch/wp-content/uploads/2008/11/mme_irina_du_bois.jpg"><img decoding="async" class="size-full wp-image-576" style="margin: 5px 5px 0px 0px;" title="mme_irina_du_bois.jpg" src="http://www.fondation-pierredubois.ch/wp-content/uploads/2008/11/mme_irina_du_bois.jpg" alt="mme_irina_du_bois.jpg" width="138" srcset="https://www.fondation-pierredubois.ch/wp-content/uploads/2008/11/mme_irina_du_bois.jpg 427w, https://www.fondation-pierredubois.ch/wp-content/uploads/2008/11/mme_irina_du_bois-200x300.jpg 200w" sizes="(max-width: 427px) 100vw, 427px" /></a><a href="http://www.fondation-pierredubois.ch/wp-content/uploads/2008/11/prof_eric_bussieres.jpg"><img decoding="async" class="size-full wp-image-577" style="margin: 5px 5px 0px 0px;" title="prof_eric_bussieres.jpg" src="http://www.fondation-pierredubois.ch/wp-content/uploads/2008/11/prof_eric_bussieres.jpg" alt="prof_eric_bussieres.jpg" width="138" srcset="https://www.fondation-pierredubois.ch/wp-content/uploads/2008/11/prof_eric_bussieres.jpg 427w, https://www.fondation-pierredubois.ch/wp-content/uploads/2008/11/prof_eric_bussieres-200x300.jpg 200w" sizes="(max-width: 427px) 100vw, 427px" /></a><a href="http://www.fondation-pierredubois.ch/wp-content/uploads/2008/11/dr_basil_germond.jpg"><img decoding="async" class="size-full wp-image-578" style="margin: 5px 0px 0px;" title="dr_basil_germond.jpg" src="http://www.fondation-pierredubois.ch/wp-content/uploads/2008/11/dr_basil_germond.jpg" alt="dr_basil_germond.jpg" width="138" srcset="https://www.fondation-pierredubois.ch/wp-content/uploads/2008/11/dr_basil_germond.jpg 427w, https://www.fondation-pierredubois.ch/wp-content/uploads/2008/11/dr_basil_germond-200x300.jpg 200w" sizes="(max-width: 427px) 100vw, 427px" /></a></p>
<div style="text-align: justify;"><span style="color: #646464;">Les Mélanges en hommage à Pierre du Bois, édités par Andre Liebich et Basil Germond, avec des contributions de Bruno Arcidiacono, Jean-François Bergier, Lubor Jilek, Alfonso Mattera, André Rezler, Benedikt Shoenborn, Georges-Henri Soutou, Marie-Thérèse Bitsch, Victor-Yves Chebali, Gilles Grin, Franz Blankart, Mohammad-Reza Djalili et Thierry Kellner, Jussi Hanhimäki, Adrian Ivan et Andre Liebich, ainsi qu&#8217;un essai biobibliographique sur Pierre du Bois par Basil Germond et François Jequier, furent présentés par Basil Germond, un des derniers doctorants à avoir travaillé sous la direction du Prof. Pierre du Bois.</span></div>
<div class="para-a-la-ligne" style="text-align: justify;"></div>
<div class="para-a-la-ligne" style="text-align: justify;"></div>
<div class="para-a-la-ligne" style="text-align: justify;">
<div style="text-align: justify;"><a href="http://www.fondation-pierredubois.ch/fr/disparition-du-professeur-pierre-du-bois/parution-douvrages-de-et-pour-pierre-du-bois/galerie-photos-de-la-ceremonie-de-presentation-des-ouvrages/">Voir plus de photos</a></div>
</div>

<p class="excerpt">Une année après la disparition du Professeur Pierre du Bois sont parus son dernier livre, à titre posthume, et des Mélanges en son honneur. &nbsp; Histoire de l&#8217;Europe monétaire 1945-2005 Euro qui comme Ulysse&#8230; de Pierre du Bois PUF-IHEID, 2008 &nbsp; Construire l&#8217;Europe. Mélanges en hommage à Pierre du Bois Andre Liebich et Basil Germond (dir) PUF-IHEID, 2008 &nbsp; Le&hellip; <a href="https://www.fondation-pierredubois.ch/fr/disparition-du-professeur-pierre-du-bois/parution-douvrages-de-et-pour-pierre-du-bois/">Read more &rarr;</a></p>
